 140, -5*j = y - 98. What is the greatest common divisor of j and x?
19
Suppose -7*h + 69 = 13. Suppose 0*t + 3*t = -n + 340, t + 652 = 2*n. Calculate the greatest common divisor of h and n.
8
Let i(m) = -66*m + 1. Let y be i(-2). Suppose 45*h = 1017 - 162. What is the highest common factor of h and y?
19
Suppose 14*n - 211 = -5*n + 55. What is the greatest common divisor of 13 and n?
1
Let b = -261 - -135. Let w = b + 74. Let v = -40 - w. Calculate the greatest common divisor of 8 and v.
4
Let z = 1829 - 1797. Calculate the highest common factor of 808 and z.
8
Suppose 3*n - 84 - 94 = -j, 2*n - 132 = -4*j. Let l = n - -131. What is the highest common divisor of 18 and l?
9
Let h be (-3)/21 - ((-27864)/126 - (-3 + 5)). What is the highest common factor of 3 and h?
1
Let o = -6 + 14. Let z be 12*5/15*(-6)/(-8). Suppose 0 = -z*y + 8*y + 5*s - 125, -3*y + 5*s + 67 = 0. What is the greatest common divisor of y and o?
8
Suppose v - 9 = 11. Suppose -4*f + 4160 = 9*f. Calculate the highest common factor of v and f.
20
Suppose -3*u = -5*q - 760, -q = -2*u - 2*q + 511. Let s be 10 - -82*(-10)/(-40)*2. What is the greatest common divisor of s and u?
51
Suppose 0 = -25*f + 1043 + 2257. Let q(x) = -x**3 + 16*x**2 - 15*x - 6. Let m be q(14). Calculate the highest common divisor of m and f.
44
Let k = 2948 + -2660. What is the greatest common divisor of k and 324?
36
Suppose -52*m + 84*m = 64. Calculate the highest common divisor of 2 and m.
2
Let n(b) = b**3 + 3*b**2 - 3*b - 3. Let u be n(-3). What is the highest common divisor of u and 2352?
6
Suppose -168*n + 1638 = -161*n. What is the highest common divisor of 144 and n?
18
Let l(u) = -6*u - 19. Suppose -4*c - 16 = i, -8*i - 8 = 2*c - 3*i. Let m be l(c). Suppose -m*b = -29 - 61. What is the greatest common divisor of 9 and b?
9
Let q = 26 - -1. Suppose i = -4*l - 56 - 21, -3*l = -4*i - 270. Let g = -63 - i. What is the highest common factor of q and g?
3
Let l be (-50)/(-20)*(0 - 2). Let x = l + 26. Suppose -g - 5 + x = 0. What is the greatest common factor of 128 and g?
16
Let u(x) = 14*x + 47. Let s be u(-3). Suppose -189 = -s*o + 51. Calculate the highest common factor of o and 216.
24
Let r(x) = -190*x + 2760. Let j be r(14). Calculate the highest common factor of j and 1225.
25
Let p(b) = -2*b - 1. Let i be p(-3). Suppose -99 = y - 8 + 25. Let j be (-8)/(-10) + -1 - y/i. What is the greatest common divisor of 253 and j?
23
Let t be 2278 + -28*((-52)/(-14) - 7 - -3). Calculate the highest common divisor of t and 90.
18
Let n = 13 + -12. Let i be (-168)/(-20)*40/(-12). Let f = 35 + i. What is the greatest common factor of n and f?
1
Let z(t) = -156*t - 3358. Let x be z(-24). Calculate the greatest common factor of x and 26.
2
Suppose -12*g = -19*g + 133. Let q(z) = z**2 - 14*z - 53. Let i be q(g). Calculate the highest common factor of i and 336.
42
Let r be ((-105)/(-20) - 5) + 30/8. Suppose -s + 2*t + 21 = -0*s, 0 = -3*s - t + 35. What is the highest common factor of r and s?
1
Let a = -471 + 534. Let f(x) = 14*x + 7. Let q(p) = -2*p**3 + 12*p**2 + 2*p - 5. Let r be q(6). Let i be f(r). Calculate the highest common divisor of a and i.
21
Let p = -11 + 110. Suppose 25 = 2*o + 1419*b - 1420*b, -4*o = -5*b - 71. Calculate the highest common factor of p and o.
9
Suppose 0 = 2*w - 45 - 27. Suppose -594 = -2*o + 24739*f - 24737*f, 5*o = 4*f + 1476. What is the greatest common divisor of w and o?
36
Suppose 2*n - 3*y = 22, -2*n + 12 = 4*y - 2*y. Suppose 0 = 2*z + n + 2. Let h be (-105 - 0)/z - -4. What is the greatest common divisor of h and 5?
5
Let m(z) be the second derivative of 11/6*z**3 + 0 - 27*z + 3*z**2 - 1/20*z**5 - 1/3*z**4. Let n be m(-7). Calculate the highest common divisor of 19 and n.
19
Let r be ((-2)/12)/((-15)/90) - -31. Calculate the highest common factor of r and 1200.
16
Let r = -3304 + 3506. Suppose -83 = 6*d - 95. What is the greatest common factor of d and r?
2
Suppose 25*d - 26*d = 3*b - 21138, 21108 = d - 2*b. Calculate the greatest common factor of 165 and d.
165
Suppose -14529 = 30*o - 32*o + x, 0 = 3*o + x - 21786. Calculate the highest common factor of o and 81.
27
Let x = -394 + 394. Suppose 4*y = x, -2*a = -4*a - 3*y + 498. Calculate the greatest common factor of 3 and a.
3
Let u be -7 + 17/(153/(-24))*3057/(-2). Calculate the greatest common factor of 39 and u.
13
Suppose -4*c + 2*u = -180, 4*u = -21*c + 18*c + 135. What is the greatest common divisor of 2655 and c?
45
Let y = 15 - -41. Let g be 0/(-3 - (1 - 3)). Let l be g*1/(-4) - -84. Calculate the highest common divisor of y and l.
28
Suppose 4*s = 2*f + 204, -2*s - f = 14 - 120. What is the greatest common divisor of 871 and s?
13
Let v = -294266 + 294275. Suppose 5*m - 135 = -0*m. What is the highest common divisor of v and m?
9
Suppose -2*f - 4*a = -122, -2*a - 13 = -27. What is the highest common factor of 10669 and f?
47
Let y be ((-12628)/(-738)*(-666)/(-21))/((-2)/(-3)). Calculate the highest common factor of 594 and y.
22
Suppose -2*d + 5*d = 5*t - 25, 3*d + 11 = -2*t. Let n be 3 - (d + -7 + 4 - -3). What is the greatest common factor of n and 136?
8
Let r = -101 + 110. Let o be (-4 - 10/(-15))*3/(-5). Calculate the highest common factor of r and o.
1
Let p(o) = 15*o - 34. Let h be p(-25). Let z = h - -428. What is the greatest common factor of 76 and z?
19
Let f(c) = c**3 - 4*c**2 + 25*c - 124. Let v be f(5). Let p = -32 + 58. Calculate the highest common factor of p and v.
26
Let t(y) = 2*y**3 - 66*y**2 + 22*y + 529. Let n be t(33). Calculate the highest common divisor of n and 10.
5
Let l(b) = -2*b - 4. Let n be l(-4). Let h(f) = f**2 + 300*f + 10928. Let v be h(-42). What is the greatest common factor of n and v?
4
Let u = -780 - -790. Let n = -115 + 195. What is the highest common divisor of u and n?
10
Let j = -300 + 498. Let n = -44 + 46. Suppose -n*a = 2*q - 44, -4*a = q - 32 - 2. What is the highest common divisor of q and j?
18
Suppose -25 = 5*n, 34*o - 35*o - 17 = 5*n. Calculate the highest common factor of o and 202.
2
Let k = -1493 + 1531. Calculate the greatest common factor of k and 2546.
38
Let b(s) = 9*s - 97. Let v be b(11). Suppose 0 = v*p + 3*u - 433, -10*u + 7*u + 642 = 3*p. What is the highest common factor of p and 11?
11
Suppose -146*a = -1033501 - 418323. Calculate the highest common factor of 88 and a.
88
Suppose 88*g = 101*g - 65. Suppose -125 = g*t - 205. Let d = -60 + 108. Calculate the highest common factor of t and d.
16
Let s be (12/4)/6*62. Suppose 0 = -f + 2*h + s + 61, 3*h + 12 = 0. Calculate the greatest common factor of 105 and f.
21
Let m = -175 - -262. Suppose -5*t = 5*w + 130, -5*t - 40 = 2*w + m. Let b = t - -144. What is the highest common divisor of 17 and b?
17
Let s(h) be the third derivative of 1/15*h**5 + 0*h + 1/4*h**4 + 38*h**2 + 5/2*h**3 + 0. Let o be s(-4). What is the greatest common divisor of 11 and o?
11
Let a(w) = 455*w + 4109. Let i be a(-9). Suppose 2*m + 3*m - 910 = 0. What is the highest common divisor of m and i?
14
Let f = 32 - 32. Let m(i) = -i**3 - i + 56. Let n be m(f). Suppose 3*h - 4*g = 62, -4*h - 4*g = -40 + 4. What is the highest common factor of h and n?
14
Let o be 8/40 - (312/(-15) + 3). Calculate the highest common divisor of 243 and o.
9
Let d(f) = -f**3 - 9*f**2 - 30*f - 15. Let j be d(-8). Suppose 167*y = j*y + 8250. Calculate the highest common divisor of y and 11.
11
Let a be 2/9 - 39552/(-864). Suppose 2*x + 4*k = 226, 4*x + 6*k - 2*k - 456 = 0. Calculate the highest common divisor of x and a.
23
Let u(q) = -40*q + 1266. Let a be u(8). Calculate the highest common divisor of 66 and a.
22
Let l(t) = -85*t + 76. Let q be l(-3). Let w = 628 - q. What is the greatest common divisor of 81 and w?
27
Let r(q) = 299*q + 6200. Let s be r(-14). Calculate the highest common factor of 190 and s.
38
Let x(u) = u**3 + 15*u**2 - u - 1. Let z(i) = -8*i**2 - 36*i + 5. Let w be z(-5). Let k be x(w). What is the highest common divisor of k and 14?
14
Suppose 176*n + 18*n = 42005 + 374513. Calculate the highest common divisor of 76 and n.
19
Suppose -2*z - 4*f + 237 = -171, 0 = 6*z - 2*f - 1154. What is the greatest common factor of z and 11349?
97
Let g(w) = 136*w - 3900. Let m be g(66). What is the highest common divisor of m and 24?
12
Let a =